{"id":3329,"date":"2019-12-13T11:20:37","date_gmt":"2019-12-13T11:20:37","guid":{"rendered":"https:\/\/www.rohkostinsel.de\/?page_id=3329"},"modified":"2019-12-13T11:26:17","modified_gmt":"2019-12-13T11:26:17","slug":"jahresrueckblick-2017","status":"publish","type":"page","link":"https:\/\/www.rohkostinsel.de\/?page_id=3329","title":{"rendered":"Jahresr\u00fcckblick 2017"},"content":{"rendered":"<p><strong>Januar<\/strong><br \/>\nDa wir voll zu tun haben mit dem Aufbau unseres Fruchtversands (www.fruchtlawine.de) verbringe ich viel Zeit in Ragama, Colombo. Meist k\u00fcmmere ich mich dann um den Garten, wenn ich in Monaragala bin.<br \/>\nDas Outdoor-Bad und die K\u00fcche sind zwar soweit ganz okay, aber alles sieht etwas halbfertig aus und wir erledigen nun endlich mal die vielen Kleinigkeiten. Der letzte Schliff f\u00fcr die permanente Zwischenl\u00f6sung sozusagen. \ud83d\ude42<\/p>\n<p>Das gro\u00dfe Highlight ist unsere neue Solar-Hei\u00dfwasseranlage, die wir endlich installieren &#8211; jetzt mu\u00df Anusha nicht mehr frieren \ud83d\ude09<\/p>\n<p><strong>Februar<\/strong><br \/>\nAnfang Februar findet unser Foto Shooting f\u00fcr die Fruchtlawine statt. Leider etwas verplant, da der befreundete Fotograf st\u00e4ndig den Termin verschiebt und dann pl\u00f6tzlich doch kommt. So haben wir nicht ausreichend perfekte Fr\u00fcchte am Start, aber wir bekommen immerhin ein paar tolle Aufnahmen und sind ganz zufrieden.<br \/>\nAnushas Nichte wird 1 Jahr und wir haben eine kleine Familien-Geburtstagsfeier. Anushas Mutter hat die Idee an diesem Tag ein Altersheim zu besuchen und f\u00fcr die Menschen dort zu Kochen. Es wird ein gem\u00fctlicher Nachmittag und wir lauschen den Stories einer \u00e4lteren Dame. (<em>Im Altersheim ist man in Sri Lanka, wenn man z.B. keine Kinder hat, nicht verheiratet ist etc.)<\/em><\/p>\n<p><strong>M\u00e4rz<\/strong><br \/>\nWir bekommen Besuch von guten Freunden aus Deutschland und machen einen kleinen Strandurlaub im S\u00fcden.<br \/>\nAu\u00dferdem wird unser Dorfberg mal wieder erklommen und wir unternehmen einen Ausflug zum G-Lon Berg in Monaragala.<\/p>\n<p><strong>April<\/strong><br \/>\nAnusha ist definitiv schwanger \ud83d\ude09 Wir suchen jetzt ernsthaft jemanden, der Ihre Arbeit bei der Fruchtlawine \u00fcbernehmen kann, damit sie dann Zuhause sein kann.<br \/>\nAlles in allem haben wir nun sehr viel zu tun mit der Fruchtlawine<br \/>\nDennoch starte ich ein kleines Projekt in Monaragala. Und zwar brauchen wir eine ebene Fl\u00e4che f\u00fcr eine Baumschule. Die Leveling Arbeiten beginnen also.<\/p>\n<p><strong>Mai<\/strong><br \/>\nIm Mai bekommen wir Besuch aus Australien. Au\u00dferdem versuche ich mal wieder etwas entspannter zu werden und faste eine Woche. Anschlie\u00dfend mache ich eine Panschakarma Kur in einem Arjurveda-Krankenhaus in Medagama. R\u00fcckblickend war das mal ganz nett mit den \u00d6lmassagen, allerdings w\u00e4re Fasten und Sauna alleine schon ausreichend gewesen und ich \u00fcberlege eine Sauna zu bauen \ud83d\ude09<\/p>\n<p><strong>Juni<\/strong><br \/>\nDie Levelarbeiten f\u00fcr unseren Yogakreis beginnen.<br \/>\nWir erhalten ein gro\u00dfes Paket von Freunden aus Deutschland &#8211; mit allen m\u00f6glichen N\u00fcssen und Superfoods f\u00fcr Anusha (und das Baby \ud83d\ude09<br \/>\nWir lassen uns au\u00dferdem einen Excalibur D\u00f6rrautomaten aus Deutschland schicken. Kamal schleust das Teil ohne Probleme durch den Zoll&#8230;<\/p>\n<p>Wir haben mal wieder eine Schlange im Baumhaus. Da Anusha gute Kontakte hat zu Schlangenliebhabern und wir immer direkt Fotos schicken, wissen wir inzwischen das die meisten Schlangen harmlos sind.<\/p>\n<p>Wir beginnen mit der Planung und der Materialbeschaffung f\u00fcr unser Toilettenhaus (8 Toiletten) f\u00fcr unseren Campingplatz. Die Toiletten sollen an die bestehende Biogasanlage angeschlossen werden. Wir bekommen 3000 Ziegelsteine, 3 Ladungen Steine f\u00fcr das Fundament und ich bin mal wieder am Leveln der Fl\u00e4che.<\/p>\n<p>Wir suchen jetzt ein Krankenhaus f\u00fcr unsere Geburt. Nur als Plan B. Wir wissen noch nicht genau wie wir das mit der Hausgeburt umsetzten k\u00f6nnen. Das Josef Fraiser macht einen guten Eindruck. Nach Gespr\u00e4chen mit dem Arzt dort stellt sich aber heraus, das wir auch hier nicht machen k\u00f6nnen was wir gerne machen w\u00fcrden.<\/p>\n<p><strong>Juli<\/strong><br \/>\nAnusha w\u00fcnscht sich endlich mal eine fertige K\u00fcche mit T\u00fcren, damit wir unseren Kram abschlie\u00dfen k\u00f6nnen, da es sich um eine Outdoor-K\u00fcche handelt. Ich beginne also mit der Planung und wir geben die Sache diesmal in Auftrag, da ich keine Zeit habe und mir das auch zu stre\u00dfig w\u00e4re.<\/p>\n<p>Wir lassen den Boruta \/Satinholz-Baum f\u00e4llen. Und zwar genau kurz vor dem Vollmondtag &#8211; also bei abnehmendem Mond. Damit schlagen wir hier erstmals Mondholz. Bin gespannt auf das Ergebnis!<\/p>\n<p>Weitere Schlangen und viele Fotos, da wir jetzt echt lernen m\u00f6chten welche Schlange gef\u00e4hrlich sein kann.<br \/>\nKamal kommt vorbei und wir erneuern das Dach auf K\u00fcche und Bad. Au\u00dferdem werden drei Pfeiler f\u00fcr das neue B\u00fcrohausdach errichtet.<\/p>\n<p><strong>August<\/strong><br \/>\nDas K\u00fcchenprojekt wird endlich abgeschlossen. Eine ganze Woche hei\u00dft es Schleifen, Versiegeln, lackieren und dann werden die K\u00fcchent\u00fcren und der Schrank befestigt. Au\u00dferdem bekommen wir eine tolle Arbeitsplatte aus schwarzen Fliesen und alles wird gestrichen. Jetzt ist die K\u00fcche fertig&#8230;<br \/>\nEnde August bin ich f\u00fcr eine Woche in Colombo und erledige einige dringende Arbeiten am Rechner.<\/p>\n<p><strong>September<br \/>\n<\/strong>Alles dreht sich um die kommende Hausgeburt<strong><br \/>\n<\/strong><\/p>\n<p><strong>Oktober<br \/>\n<\/strong>Sara wird geboren am 1. Oktober<strong><br \/>\n<\/strong>Familienzeit ist angesagt.<strong><br \/>\n<\/strong><\/p>\n<p><strong>November<br \/>\n<\/strong>Fundament f\u00fcr das Toilettenhaus wird begonnen<strong><br \/>\n<\/strong><\/p>\n<p><strong>Dezember<br \/>\n<\/strong>Die W\u00e4nde f\u00fcr das Toilettenhaus werden gemauert und verputzt<strong><br \/>\n<\/strong><\/p>\n","protected":false},"excerpt":{"rendered":"<p>Januar Da wir voll zu tun haben mit dem Aufbau unseres Fruchtversands (www.fruchtlawine.de) verbringe ich viel Zeit in Ragama, Colombo. Meist k\u00fcmmere ich mich dann um den Garten, wenn ich in Monaragala bin. Das Outdoor-Bad und die K\u00fcche sind zwar soweit ganz okay, aber alles sieht etwas halbfertig aus und wir erledigen nun endlich mal &hellip; <\/p>\n<p class=\"link-more\"><a href=\"https:\/\/www.rohkostinsel.de\/?page_id=3329\" class=\"more-link\"><span class=\"screen-reader-text\">\u201eJahresr\u00fcckblick 2017\u201c<\/span> weiterlesen<\/a><\/p>\n","protected":false},"author":1,"featured_media":0,"parent":0,"menu_order":0,"comment_status":"closed","ping_status":"closed","template":"","meta":[],"_links":{"self":[{"href":"https:\/\/www.rohkostinsel.de\/index.php?rest_route=\/wp\/v2\/pages\/3329"}],"collection":[{"href":"https:\/\/www.rohkostinsel.de\/index.php?rest_route=\/wp\/v2\/pages"}],"about":[{"href":"https:\/\/www.rohkostinsel.de\/index.php?rest_route=\/wp\/v2\/types\/page"}],"author":[{"embeddable":true,"href":"https:\/\/www.rohkostinsel.de\/index.php?rest_route=\/wp\/v2\/users\/1"}],"replies":[{"embeddable":true,"href":"https:\/\/www.rohkostinsel.de\/index.php?rest_route=%2Fwp%2Fv2%2Fcomments&post=3329"}],"version-history":[{"count":5,"href":"https:\/\/www.rohkostinsel.de\/index.php?rest_route=\/wp\/v2\/pages\/3329\/revisions"}],"predecessor-version":[{"id":3399,"href":"https:\/\/www.rohkostinsel.de\/index.php?rest_route=\/wp\/v2\/pages\/3329\/revisions\/3399"}],"wp:attachment":[{"href":"https:\/\/www.rohkostinsel.de\/index.php?rest_route=%2Fwp%2Fv2%2Fmedia&parent=3329"}],"curies":[{"name":"wp","href":"https:\/\/api.w.org\/{rel}","templated":true}]}}