{"id":3350,"date":"2018-02-05T11:26:02","date_gmt":"2018-02-05T11:26:02","guid":{"rendered":"https:\/\/www.rohkostinsel.de\/?page_id=3350"},"modified":"2020-01-05T00:17:31","modified_gmt":"2020-01-05T00:17:31","slug":"2018-vorschau","status":"publish","type":"page","link":"https:\/\/www.rohkostinsel.de\/?page_id=3350","title":{"rendered":"Jahresr\u00fcckblick 2018"},"content":{"rendered":"<p><strong>Januar<\/strong><br \/>\nDas Jahr beginnt doch aufregender als gedacht.<br \/>\nWir bereiten im Januar alles f\u00fcr den Fasten-Retreat mit Tobi vor, der im Februar stattfinden wird.<br \/>\nDas Toilettenhaus wird gestrichen.<br \/>\nDie Pfeiler f\u00fcr das Lehmhaus werden gesetzt.<br \/>\nWanderwege werden angelegt und Schilder werden aufgestellt<br \/>\nDie Br\u00fccke im Fluss wird endlich gebaut.<br \/>\nDer Yogaplatz wird angelegt.<\/p>\n<p><strong>Februar<\/strong><br \/>\nVom 2. bis 9. Februar findet das Winter Retreat mit Tobias statt.<\/p>\n<p><strong>M\u00e4rz<\/strong><br \/>\nDas Dach f\u00fcr die Gemeinschaftsk\u00fcche wird errichtet.<\/p>\n<p><strong>April<\/strong><br \/>\nDer Bauplatz f\u00fcr unseren Anbau wird vorbereitet.<br \/>\n<strong><br \/>\nMai<\/strong><br \/>\nWir pflanzen Kokosn\u00fcsse, abwohl es eigentlich viel zu sp\u00e4t daf\u00fcr ist. Allerdings haben wir g\u00fcnstige Pflanzen im Nachbardorf bekommen und die Pflanzl\u00f6cher sind gerade fertig geworden. Nun werden alle mit guter Erde gef\u00fcllt und eingez\u00e4unt.<br \/>\nDie Gemeinschaftsk\u00fcche wird weitergebaut und bekommt Wasseranschlu\u00df und Arbeitsplatte.<\/p>\n<p><strong>Juni<\/strong><br \/>\nDie W\u00e4nde f\u00fcr das Lehmhaus werden mit gebrannten Lehmziegeln und Lehmputz hochgezogen und anschlie\u00dfend verputzt. Zum Gl\u00fcck haben wir zwei kreative Helfer mit dabei. Nico und Lena aus Deutschland packen mit an.<br \/>\nDas Toilettenhaus bekommt Fliesen und wird endlich komplett fertiggestellt.<br \/>\nDie Gemeinschaftk\u00fcche bekommt noch eine Lehmwand au\u00dfen herum.<br \/>\n<strong><br \/>\nJuli<\/strong><br \/>\nDas Lehmhaus wird komplett verputzt mit Lehmputz.<br \/>\nDie ersten Baumaterialien werden angeliefert. Wir lassen Bauen \ud83d\ude09 Das wird spannend.<br \/>\nDas Fundament f\u00fcr das neue Haus wird endlich gelegt.<br \/>\nAm 20.Juli ist die Bodenplatte gegossen.<br \/>\nZwei Tage sp\u00e4ter stehen die Hauptpfeiler und die Verschalung beginnt. Am 29. Juli wird die Treppe gegossen und noch im Juli wird die Verschalung komplett fertig sein.<\/p>\n<p><strong>August<\/strong><br \/>\nIm August geht es weiter mit den Kabelkan\u00e4len und dann wird direkt am 2.August die Betondecke gegossen. Nach 3 Wochen Trockenzeit beginnen die Arbeiten mit den W\u00e4nden im oberen Geschoss.<br \/>\nEnde August wird ausgeschalt.<\/p>\n<p><strong>September<\/strong><br \/>\nIn der Zwischenzeit werden die T\u00fcren und Fenster sowie die T\u00fcrrahmen in Auftrag gegeben. Die Fensterrahmen haben wir selber gebaut aus dem Satinbaum, der neben dem Haus stand.<br \/>\nAm 18.September wird die obere Decke gegossen. Unser Flachdach!<br \/>\nEigentlich hatten wir einen Dachstuhl aus Holz geplant mit Ziegeldach und Holzverkleidung Innen. Das h\u00e4tte mehr gekostet und es w\u00e4re super anstrengend gewesen gutes Holz zu bekommen. Das h\u00e4tte dann realistischerweise ein Jahr l\u00e4nger gedauert plus wir h\u00e4tten das Holz selber lagern und hobeln&amp;schleifen m\u00fcssen um gute Qualit\u00e4t zu erhalten. Nach kurzer R\u00fccksprache mit den Maurern wurde uns direkt angeboten die zweite Betondecke zu erstellen und auch die Fliesen oben auf der Dachterasse. H\u00f6rte sich alles perfekt an. Aber: mehr Gewicht oben drauf ginge nicht, da es sonst zu schwer werden w\u00fcrde \ud83d\ude09 Egal &#8211; wir freuten uns \u00fcber den Extra Platz auf dem Dach!<\/p>\n<p><strong>Oktober<\/strong><br \/>\nDie W\u00e4nde werden gemauert und die Holzt\u00fcren und Holzfenster werden eingesetzt. Au\u00dferdem kommen Kamal und Ajith und helfen bei der kompletten Elektroinstallation.<br \/>\n<strong><br \/>\nNovember<\/strong><br \/>\nDie Lichtinstallation auf der Dachterasse wird von Kamal und Ajith abgeschlossen.<\/p>\n<p><strong>Dezember<\/strong><br \/>\nDie W\u00e4nde Innen werden alle verputzt.<\/p>\n<p><strong>\u00a0<\/strong><\/p>\n","protected":false},"excerpt":{"rendered":"<p>Januar Das Jahr beginnt doch aufregender als gedacht. Wir bereiten im Januar alles f\u00fcr den Fasten-Retreat mit Tobi vor, der im Februar stattfinden wird. Das Toilettenhaus wird gestrichen. Die Pfeiler f\u00fcr das Lehmhaus werden gesetzt. Wanderwege werden angelegt und Schilder werden aufgestellt Die Br\u00fccke im Fluss wird endlich gebaut. Der Yogaplatz wird angelegt. Februar Vom &hellip; <\/p>\n<p class=\"link-more\"><a href=\"https:\/\/www.rohkostinsel.de\/?page_id=3350\" class=\"more-link\"><span class=\"screen-reader-text\">\u201eJahresr\u00fcckblick 2018\u201c<\/span> weiterlesen<\/a><\/p>\n","protected":false},"author":1,"featured_media":0,"parent":0,"menu_order":0,"comment_status":"closed","ping_status":"closed","template":"","meta":[],"_links":{"self":[{"href":"https:\/\/www.rohkostinsel.de\/index.php?rest_route=\/wp\/v2\/pages\/3350"}],"collection":[{"href":"https:\/\/www.rohkostinsel.de\/index.php?rest_route=\/wp\/v2\/pages"}],"about":[{"href":"https:\/\/www.rohkostinsel.de\/index.php?rest_route=\/wp\/v2\/types\/page"}],"author":[{"embeddable":true,"href":"https:\/\/www.rohkostinsel.de\/index.php?rest_route=\/wp\/v2\/users\/1"}],"replies":[{"embeddable":true,"href":"https:\/\/www.rohkostinsel.de\/index.php?rest_route=%2Fwp%2Fv2%2Fcomments&post=3350"}],"version-history":[{"count":6,"href":"https:\/\/www.rohkostinsel.de\/index.php?rest_route=\/wp\/v2\/pages\/3350\/revisions"}],"predecessor-version":[{"id":3555,"href":"https:\/\/www.rohkostinsel.de\/index.php?rest_route=\/wp\/v2\/pages\/3350\/revisions\/3555"}],"wp:attachment":[{"href":"https:\/\/www.rohkostinsel.de\/index.php?rest_route=%2Fwp%2Fv2%2Fmedia&parent=3350"}],"curies":[{"name":"wp","href":"https:\/\/api.w.org\/{rel}","templated":true}]}}