{"id":3654,"date":"2023-04-30T00:28:49","date_gmt":"2023-04-30T00:28:49","guid":{"rendered":"https:\/\/www.rohkostinsel.de\/?page_id=3654"},"modified":"2023-05-02T03:31:32","modified_gmt":"2023-05-02T03:31:32","slug":"satellitenfotos","status":"publish","type":"page","link":"https:\/\/www.rohkostinsel.de\/?page_id=3654","title":{"rendered":"Satellitenfotos + Infrastruktur"},"content":{"rendered":"\n<p>Grundst\u00fccksgeschichte:<br>1.) Hauptgrundst\u00fcck<br>2.) Nachbargrundst\u00fcck 1 (Flusswald Schutzzone)<br>3.) Nachbargrundst\u00fcck 2 (Flusswald Schutzzone)<br>4.) Gesch\u00fctzter Flusswald (Dreieck mit Insel)<br>5.) Grundst\u00fcck f\u00fcr den Schwimmteich<br>6.) Grundst\u00fcck f\u00fcr B\u00fcrohaus<br>7.) S\u00fcdgrundst\u00fcck<br>8.) Flusswaldschutzzone (im S\u00fcden)<br>9.) Kleines St\u00fcck Bergwald (2 B\u00e4ume)<br>10.) Gummibaumplantage und Flusswald<br>11.) Naturschutzgebiet\/Flusswald<br>12.) Reisfeld<br>13.) Grasland Hauptgrundst\u00fcck<br>14.) Grasland H\u00fcgel mit Bauplatz 4 (teilweise abgeschlossen)<br>15.) Erweiterung Flusswald (in Verhandlung)<br>16.) Grasland oberer Bergkamm bis Bachlauf  (in Verhandlung)<br>17.) Grasland S\u00fcd (geplant)<br>18.) Grasland S\u00fcd bis Fluss (geplant)<br>19.) Grasland S\u00fcd Felswand Schutzzone (geplant)<br><br><\/p>\n\n\n\n<figure class=\"wp-block-image size-large\"><a href=\"https:\/\/www.rohkostinsel.de\/wp-content\/uploads\/2023\/05\/grundstuecke-parts-20.jpg\"><img decoding=\"async\" loading=\"lazy\" width=\"960\" height=\"912\" src=\"https:\/\/www.rohkostinsel.de\/wp-content\/uploads\/2023\/05\/grundstuecke-parts-20-960x912.jpg\" alt=\"\" class=\"wp-image-3679\" srcset=\"https:\/\/www.rohkostinsel.de\/wp-content\/uploads\/2023\/05\/grundstuecke-parts-20-960x912.jpg 960w, https:\/\/www.rohkostinsel.de\/wp-content\/uploads\/2023\/05\/grundstuecke-parts-20-595x565.jpg 595w, https:\/\/www.rohkostinsel.de\/wp-content\/uploads\/2023\/05\/grundstuecke-parts-20-768x729.jpg 768w, https:\/\/www.rohkostinsel.de\/wp-content\/uploads\/2023\/05\/grundstuecke-parts-20-1536x1459.jpg 1536w, https:\/\/www.rohkostinsel.de\/wp-content\/uploads\/2023\/05\/grundstuecke-parts-20.jpg 1833w\" sizes=\"(max-width: 767px) 89vw, (max-width: 1000px) 54vw, (max-width: 1071px) 543px, 580px\" \/><\/a><figcaption class=\"wp-element-caption\">Die einzelnen Teilgrundst\u00fccke \/ Schutzzonen<br>blaue Linie: Fl\u00fcsse, B\u00e4che<br>hellblaue Linie: Bew\u00e4sserungskanal Reisfeld<br>wei\u00dfe Linie: Stra\u00dfen (geeignet f\u00fcr Traktor)<br><\/figcaption><\/figure>\n\n\n\n<figure class=\"wp-block-image size-full\"><a href=\"https:\/\/www.rohkostinsel.de\/wp-content\/uploads\/2023\/05\/neuessatfoto1.jpg\"><img decoding=\"async\" loading=\"lazy\" width=\"500\" height=\"430\" src=\"https:\/\/www.rohkostinsel.de\/wp-content\/uploads\/2023\/05\/neuessatfoto1.jpg\" alt=\"\" class=\"wp-image-3678\"\/><\/a><figcaption class=\"wp-element-caption\">Unsere Grundst\u00fccksfl\u00e4che 2011<\/figcaption><\/figure>\n\n\n\n<figure class=\"wp-block-image size-large\"><a href=\"https:\/\/www.rohkostinsel.de\/wp-content\/uploads\/2023\/04\/flaeche.png\"><img decoding=\"async\" loading=\"lazy\" width=\"960\" height=\"681\" src=\"https:\/\/www.rohkostinsel.de\/wp-content\/uploads\/2023\/04\/flaeche-960x681.png\" alt=\"\" class=\"wp-image-3655\" srcset=\"https:\/\/www.rohkostinsel.de\/wp-content\/uploads\/2023\/04\/flaeche-960x681.png 960w, https:\/\/www.rohkostinsel.de\/wp-content\/uploads\/2023\/04\/flaeche-595x422.png 595w, https:\/\/www.rohkostinsel.de\/wp-content\/uploads\/2023\/04\/flaeche-768x545.png 768w, https:\/\/www.rohkostinsel.de\/wp-content\/uploads\/2023\/04\/flaeche.png 1135w\" sizes=\"(max-width: 767px) 89vw, (max-width: 1000px) 54vw, (max-width: 1071px) 543px, 580px\" \/><\/a><figcaption class=\"wp-element-caption\">aktuelle Fl\u00e4che unseres Grundst\u00fccks:<br>ca. 12-14 Hektar<\/figcaption><\/figure>\n\n\n\n<figure class=\"wp-block-image size-large\"><a href=\"https:\/\/www.rohkostinsel.de\/wp-content\/uploads\/2023\/04\/forest.png\"><img decoding=\"async\" loading=\"lazy\" width=\"960\" height=\"616\" src=\"https:\/\/www.rohkostinsel.de\/wp-content\/uploads\/2023\/04\/forest-960x616.png\" alt=\"\" class=\"wp-image-3656\" srcset=\"https:\/\/www.rohkostinsel.de\/wp-content\/uploads\/2023\/04\/forest-960x616.png 960w, https:\/\/www.rohkostinsel.de\/wp-content\/uploads\/2023\/04\/forest-595x382.png 595w, https:\/\/www.rohkostinsel.de\/wp-content\/uploads\/2023\/04\/forest-768x493.png 768w, https:\/\/www.rohkostinsel.de\/wp-content\/uploads\/2023\/04\/forest.png 1225w\" sizes=\"(max-width: 767px) 89vw, (max-width: 1000px) 54vw, (max-width: 1071px) 543px, 580px\" \/><\/a><figcaption class=\"wp-element-caption\">Das angrenzende Naturschutzgebiet (ca. 50-60ha)<\/figcaption><\/figure>\n\n\n\n<figure class=\"wp-block-image size-full\"><a href=\"https:\/\/www.rohkostinsel.de\/wp-content\/uploads\/2023\/04\/grasland-infrastruktur.png\"><img decoding=\"async\" loading=\"lazy\" width=\"823\" height=\"837\" src=\"https:\/\/www.rohkostinsel.de\/wp-content\/uploads\/2023\/04\/grasland-infrastruktur.png\" alt=\"\" class=\"wp-image-3657\" srcset=\"https:\/\/www.rohkostinsel.de\/wp-content\/uploads\/2023\/04\/grasland-infrastruktur.png 823w, https:\/\/www.rohkostinsel.de\/wp-content\/uploads\/2023\/04\/grasland-infrastruktur-595x605.png 595w, https:\/\/www.rohkostinsel.de\/wp-content\/uploads\/2023\/04\/grasland-infrastruktur-768x781.png 768w\" sizes=\"(max-width: 767px) 89vw, (max-width: 1000px) 54vw, (max-width: 1071px) 543px, 580px\" \/><\/a><figcaption class=\"wp-element-caption\">geplante Infrastruktur im Waldgarten<\/figcaption><\/figure>\n\n\n\n<p>Lage: Das Grundst\u00fcck ist ein Westhang (relativ lange Sonneneinstrahlung\/Abendsonne). Die 4 roten Punkte in der Mitte sind die potentiellen Baupl\u00e4tze mit jeweils super Aussicht (perfekte Sonnenunterg\u00e4nge). Es sind gleichzeitig die h\u00f6chsten Punkte und von dort ist das Gel\u00e4nde jeweils noch rechts (Osten) und links (Westen) abf\u00e4llig. Daher auch die perfekt isolierte Lage f\u00fcr unser Projekt.<br>Der Abhang ist zun\u00e4chst sehr steil, dann auf etwa 50-60% der Fl\u00e4che gut geeignet f\u00fcr Anbau (weniger Bodenerosion\/mehr Humus) und unterhalb etwas steinig und steil bis hinunter zum Fluss (blaue Line ganz links). Dieser Fluss ist die Westgrenze.<br><br>Wasser: Der geplante kleine Wasserfall befindet sich dort wo die beiden blauen Wellen eingezeichnet sind. Das Wasser kann dann ggf. von dort weiter ins Land gebracht werden f\u00fcr Bew\u00e4sserungszwecke.<br><br>Wegenetz: Die gelben Linien sind die Wege, welche meist auf Kontur und auf 4 Ebenen verlaufen. Unten entlang dem Flussverlauf, hier wurde bereits Bambus gepflanzt und teilweise ein lebender Zaun aus Glirisidia.<br>Oben verl\u00e4uft der der Weg entlang der Felsen um die Baupl\u00e4tze miteinander zu verbinden und von hier hat man auch die beste \u00dcbersicht.<br>In der Mitte gibt es zwei Hauptwege, die den Garten erschlie\u00dfen.<br><br>Es gibt einen gro\u00dfen flachen Felsen in der Mitte der gut geeignet ist f\u00fcr eine Art Pavillon. (roter Punkt in der Mitte)<\/p>\n\n\n\n<p><br><br><br><br><\/p>\n","protected":false},"excerpt":{"rendered":"<p>Grundst\u00fccksgeschichte:1.) Hauptgrundst\u00fcck2.) Nachbargrundst\u00fcck 1 (Flusswald Schutzzone)3.) Nachbargrundst\u00fcck 2 (Flusswald Schutzzone)4.) Gesch\u00fctzter Flusswald (Dreieck mit Insel)5.) Grundst\u00fcck f\u00fcr den Schwimmteich6.) Grundst\u00fcck f\u00fcr B\u00fcrohaus7.) S\u00fcdgrundst\u00fcck8.) Flusswaldschutzzone (im S\u00fcden)9.) Kleines St\u00fcck Bergwald (2 B\u00e4ume)10.) Gummibaumplantage und Flusswald11.) Naturschutzgebiet\/Flusswald12.) Reisfeld13.) Grasland Hauptgrundst\u00fcck14.) Grasland H\u00fcgel mit Bauplatz 4 (teilweise abgeschlossen)15.) Erweiterung Flusswald (in Verhandlung)16.) Grasland oberer Bergkamm bis Bachlauf (in &hellip; <\/p>\n<p class=\"link-more\"><a href=\"https:\/\/www.rohkostinsel.de\/?page_id=3654\" class=\"more-link\"><span class=\"screen-reader-text\">\u201eSatellitenfotos + Infrastruktur\u201c<\/span> weiterlesen<\/a><\/p>\n","protected":false},"author":1,"featured_media":0,"parent":0,"menu_order":0,"comment_status":"closed","ping_status":"closed","template":"","meta":[],"_links":{"self":[{"href":"https:\/\/www.rohkostinsel.de\/index.php?rest_route=\/wp\/v2\/pages\/3654"}],"collection":[{"href":"https:\/\/www.rohkostinsel.de\/index.php?rest_route=\/wp\/v2\/pages"}],"about":[{"href":"https:\/\/www.rohkostinsel.de\/index.php?rest_route=\/wp\/v2\/types\/page"}],"author":[{"embeddable":true,"href":"https:\/\/www.rohkostinsel.de\/index.php?rest_route=\/wp\/v2\/users\/1"}],"replies":[{"embeddable":true,"href":"https:\/\/www.rohkostinsel.de\/index.php?rest_route=%2Fwp%2Fv2%2Fcomments&post=3654"}],"version-history":[{"count":6,"href":"https:\/\/www.rohkostinsel.de\/index.php?rest_route=\/wp\/v2\/pages\/3654\/revisions"}],"predecessor-version":[{"id":3680,"href":"https:\/\/www.rohkostinsel.de\/index.php?rest_route=\/wp\/v2\/pages\/3654\/revisions\/3680"}],"wp:attachment":[{"href":"https:\/\/www.rohkostinsel.de\/index.php?rest_route=%2Fwp%2Fv2%2Fmedia&parent=3654"}],"curies":[{"name":"wp","href":"https:\/\/api.w.org\/{rel}","templated":true}]}}