{"id":3687,"date":"2023-05-04T22:39:47","date_gmt":"2023-05-04T22:39:47","guid":{"rendered":"https:\/\/www.rohkostinsel.de\/?page_id=3687"},"modified":"2023-07-06T23:39:51","modified_gmt":"2023-07-06T23:39:51","slug":"phase-1","status":"publish","type":"page","link":"https:\/\/www.rohkostinsel.de\/?page_id=3687","title":{"rendered":"Phase 1"},"content":{"rendered":"\n<p><strong>Aufbau der Infrastruktur<\/strong><br><br>1) <strong>Grundst\u00fcckskauf<\/strong><br>Nach dem Kauf des gr\u00f6\u00dften Teilgrundst\u00fccks werden noch nach und nach kleinere Grundst\u00fccke zugekauft. Insgesamt wird das Grundst\u00fcck am Ende eine Gr\u00f6\u00dfe von rund 5 Hektar haben. davon werden 2 Hektar als Naturschutzgebiet behandelt und auf etwa 3 Hektar entsteht der Fruchtwaldgarten.<br><br>2) <strong>Errichtung der Grenzz\u00e4une\/Schutzz\u00e4une<\/strong><br>Gepflanzt wird ein lebender Zaun aus Glirisidia, Pflanz-Abst\u00e4nde : 1m<br>Wahrscheinlich brauchen wir auch einen geeigneten Schutzzaun f\u00fcr Wildschweine &#8211; diese stellen ein gr\u00f6\u00dferes Problem dar. <br><br>3.) <strong>Anlegen von Feuerschneisen<\/strong><br>Bis der Zaun voll ausgewachsen ist, werden entlang der Grenze 5m breite Feuerschneisen freigehalten. Zus\u00e4tzlich dienen die Wege als kleine Feuerschneisen, die m\u00f6gliche Feuer daran hindern sich schnell auszubreiten<br><br>4.) <strong>Wegenetz<\/strong><br>Das Anlegen der Fu\u00dfwege wird immer m\u00f6glichst auf Kontur gemacht, 4 gibt Hauptwege von Nord nach S\u00fcd und um diese zu verbinden gibt es auch einige steilere Querverbindungswege. Dadurch entsteht ein Netz von Rundwanderwegen.<br>Um das Grundst\u00fcck f\u00fcr z.B. Schubkarre und Fu\u00dfg\u00e4nger zu erschlie\u00dfen wird eine kleine Fu\u00dfg\u00e4ngerbr\u00fccke \u00fcber den Fluss n\u00f6tig sein. <br>Noch wissen wir nicht genau ob es m\u00f6glich sein wird eine Zugangsstra\u00dfe anzulegen, damit sp\u00e4ter dann z.B. Pflanzmaterial, Kompost, Baumaterial usw. leicht mit einem Traktor angefahren werden k\u00f6nnte. Bisher gehen wir davon aus das es nicht m\u00f6glich ist, da das Gel\u00e4nde v\u00f6llig isoliert und unzug\u00e4nglich ist. (Das ist auch der Grund warum es bisher nicht genutzt wurde)<br><br>5.) <strong>Wasserversorgung<\/strong><br>\u00dcber eine kleine Staumauer im Fluss (oberhalb im Grundst\u00fcck) sollte es m\u00f6glich sein \u00fcber einen Kanal Wasser zu einem Teil des Grundst\u00fccks zu bringen. Hier besteht eventuell die M\u00f6glichkeit einen Mini-Wasserfall mit Teich anzulegen. <\/p>\n\n\n\n<p><strong>Berichte<\/strong><br><br><strong>Oktober bis Dezember 2022<\/strong><br>Das gr\u00f6\u00dfte Teilgrundst\u00fcck wird endlich gekauft (nach mehreren Jahren des Verhandelns mit dem Vorbesitzer). Nun beginnt die Planung und zun\u00e4chst wird das zwei Meter hohe invasive Gras auf etwa einem Drittel der Fl\u00e4che mit einem Freischneider abgeschnitten. Erst dann ist es m\u00f6glich das Grundst\u00fcck zu erkunden und zu entscheiden wo die Wege am Besten hinkommen.<br>Die ersten Wege werden angelegt, wir m\u00fcssen Glirisida Pflanzmaterial f\u00fcr den unteren Grenzzaun von einem etwa 750m entfernten Nachbarn (dort d\u00fcrfen wir ernten) herantragen. Auf etwa 200m entsteht der erste Zaunabschnitt unten am Fluss (Westgrenze)<br>Wir pflanzen Bambus entlang des Zauns.<br><br><strong>Januar bis M\u00e4rz 2023<\/strong><br>Wir lassen teilweise K\u00fche auf dem Grundst\u00fcck weiden um das Gras kurz zu halten und gleichzeitig den Boden zu d\u00fcngen. Deshalb beginnen wir auch damit den Nordzaun mit Stacheldraht zu versehen (Glirisida hatten wir hier bereits vorher gepflanzt). Einige Wege werden von dem invasiven Gras befreit. (Dazu m\u00fcssen die einzelnen B\u00fcschel ausgegraben werden.) <br><br><strong>April bis Juni 2023<\/strong><br>Zwei weitere Teilgrundst\u00fccke werden gekauft. Nun wird damit begonnen das invasive Gras zu schneiden und dann weitgehend zu entfernen. Die Grenzen m\u00fcssen markiert werden und das Wegenetz wird festgelegt. Die Wege sind jetzt zum Gro\u00dfteil freigelegt und in Benutzung. Die wichtigste Feuerschneise im S\u00fcden wird fertiggestellt und der S\u00fcdzaun wird noch mit dem letzten l\u00e4nger andauernden Regen im Mai teilweise mit Glirisidia von unserem Pfeffergarten gepflanzt. <br><br><br><strong>Das invasive Guinea Gras wird zun\u00e4chst mit dem Freischneider <strong>abgem\u00e4ht<\/strong><\/strong> <strong>und dann von Hand ausgegraben!<\/strong> Das Problem mit invasiven Fremdarten in Sri Lanka: <a href=\"https:\/\/efl.lk\/invasive-alien-species-silent-threat-sri-lankas-biodiversity\/\" target=\"_blank\" rel=\"noreferrer noopener\">https:\/\/efl.lk\/invasive-alien-species-silent-threat-sri-lankas-biodiversity\/<\/a><br><br><br><\/p>\n\n\n\n<figure class=\"is-layout-flex wp-block-gallery-1 wp-block-gallery has-nested-images columns-default is-cropped\">\n<figure class=\"wp-block-image size-large\"><a href=\"https:\/\/www.rohkostinsel.de\/wp-content\/uploads\/2023\/07\/IMG_8906-Copy-scaled.jpg\"><img decoding=\"async\" loading=\"lazy\" width=\"960\" height=\"720\" data-id=\"3719\"  src=\"https:\/\/www.rohkostinsel.de\/wp-content\/uploads\/2023\/07\/IMG_8906-Copy-960x720.jpg\" alt=\"\" class=\"wp-image-3719\" srcset=\"https:\/\/www.rohkostinsel.de\/wp-content\/uploads\/2023\/07\/IMG_8906-Copy-960x720.jpg 960w, https:\/\/www.rohkostinsel.de\/wp-content\/uploads\/2023\/07\/IMG_8906-Copy-595x446.jpg 595w, https:\/\/www.rohkostinsel.de\/wp-content\/uploads\/2023\/07\/IMG_8906-Copy-768x576.jpg 768w, https:\/\/www.rohkostinsel.de\/wp-content\/uploads\/2023\/07\/IMG_8906-Copy-1536x1152.jpg 1536w, https:\/\/www.rohkostinsel.de\/wp-content\/uploads\/2023\/07\/IMG_8906-Copy-2048x1536.jpg 2048w\" sizes=\"(max-width: 767px) 89vw, (max-width: 1000px) 54vw, (max-width: 1071px) 543px, 580px\" \/><\/a><figcaption class=\"wp-element-caption\">Frisch geschnittenes Gras<\/figcaption><\/figure>\n\n\n\n<figure class=\"wp-block-image size-large\"><a href=\"https:\/\/www.rohkostinsel.de\/wp-content\/uploads\/2023\/07\/IMG_8878-Copy-scaled.jpg\"><img decoding=\"async\" loading=\"lazy\" width=\"960\" height=\"720\" data-id=\"3715\"  src=\"https:\/\/www.rohkostinsel.de\/wp-content\/uploads\/2023\/07\/IMG_8878-Copy-960x720.jpg\" alt=\"\" class=\"wp-image-3715\" srcset=\"https:\/\/www.rohkostinsel.de\/wp-content\/uploads\/2023\/07\/IMG_8878-Copy-960x720.jpg 960w, https:\/\/www.rohkostinsel.de\/wp-content\/uploads\/2023\/07\/IMG_8878-Copy-595x446.jpg 595w, https:\/\/www.rohkostinsel.de\/wp-content\/uploads\/2023\/07\/IMG_8878-Copy-768x576.jpg 768w, https:\/\/www.rohkostinsel.de\/wp-content\/uploads\/2023\/07\/IMG_8878-Copy-1536x1152.jpg 1536w, https:\/\/www.rohkostinsel.de\/wp-content\/uploads\/2023\/07\/IMG_8878-Copy-2048x1536.jpg 2048w\" sizes=\"(max-width: 767px) 89vw, (max-width: 1000px) 54vw, (max-width: 1071px) 543px, 580px\" \/><\/a><figcaption class=\"wp-element-caption\">Das Gras wird per Handarbeit ausgegraben<\/figcaption><\/figure>\n\n\n\n<figure class=\"wp-block-image size-large\"><a href=\"https:\/\/www.rohkostinsel.de\/wp-content\/uploads\/2023\/07\/IMG_8874-Copy-scaled.jpg\"><img decoding=\"async\" loading=\"lazy\" width=\"960\" height=\"720\" data-id=\"3710\"  src=\"https:\/\/www.rohkostinsel.de\/wp-content\/uploads\/2023\/07\/IMG_8874-Copy-960x720.jpg\" alt=\"\" class=\"wp-image-3710\" srcset=\"https:\/\/www.rohkostinsel.de\/wp-content\/uploads\/2023\/07\/IMG_8874-Copy-960x720.jpg 960w, https:\/\/www.rohkostinsel.de\/wp-content\/uploads\/2023\/07\/IMG_8874-Copy-595x446.jpg 595w, https:\/\/www.rohkostinsel.de\/wp-content\/uploads\/2023\/07\/IMG_8874-Copy-768x576.jpg 768w, https:\/\/www.rohkostinsel.de\/wp-content\/uploads\/2023\/07\/IMG_8874-Copy-1536x1152.jpg 1536w, https:\/\/www.rohkostinsel.de\/wp-content\/uploads\/2023\/07\/IMG_8874-Copy-2048x1536.jpg 2048w\" sizes=\"(max-width: 767px) 89vw, (max-width: 1000px) 54vw, (max-width: 1071px) 543px, 580px\" \/><\/a><figcaption class=\"wp-element-caption\">Nach dem Ausgraben hoffen wir auf Sonne damit das ausgegrabene Gras abstirbt<\/figcaption><\/figure>\n\n\n\n<figure class=\"wp-block-image size-large\"><a href=\"https:\/\/www.rohkostinsel.de\/wp-content\/uploads\/2023\/07\/IMG_8872-Copy-scaled.jpg\"><img decoding=\"async\" loading=\"lazy\" width=\"960\" height=\"720\" data-id=\"3711\"  src=\"https:\/\/www.rohkostinsel.de\/wp-content\/uploads\/2023\/07\/IMG_8872-Copy-960x720.jpg\" alt=\"\" class=\"wp-image-3711\" srcset=\"https:\/\/www.rohkostinsel.de\/wp-content\/uploads\/2023\/07\/IMG_8872-Copy-960x720.jpg 960w, https:\/\/www.rohkostinsel.de\/wp-content\/uploads\/2023\/07\/IMG_8872-Copy-595x446.jpg 595w, https:\/\/www.rohkostinsel.de\/wp-content\/uploads\/2023\/07\/IMG_8872-Copy-768x576.jpg 768w, https:\/\/www.rohkostinsel.de\/wp-content\/uploads\/2023\/07\/IMG_8872-Copy-1536x1152.jpg 1536w, https:\/\/www.rohkostinsel.de\/wp-content\/uploads\/2023\/07\/IMG_8872-Copy-2048x1536.jpg 2048w\" sizes=\"(max-width: 767px) 89vw, (max-width: 1000px) 54vw, (max-width: 1071px) 543px, 580px\" \/><\/a><figcaption class=\"wp-element-caption\">Ausgegrabenes Gras als Mulch<\/figcaption><\/figure>\n\n\n\n<figure class=\"wp-block-image size-large\"><a href=\"https:\/\/www.rohkostinsel.de\/wp-content\/uploads\/2023\/07\/IMG_8873-Copy-scaled.jpg\"><img decoding=\"async\" loading=\"lazy\" width=\"960\" height=\"720\" data-id=\"3714\"  src=\"https:\/\/www.rohkostinsel.de\/wp-content\/uploads\/2023\/07\/IMG_8873-Copy-960x720.jpg\" alt=\"\" class=\"wp-image-3714\" srcset=\"https:\/\/www.rohkostinsel.de\/wp-content\/uploads\/2023\/07\/IMG_8873-Copy-960x720.jpg 960w, https:\/\/www.rohkostinsel.de\/wp-content\/uploads\/2023\/07\/IMG_8873-Copy-595x446.jpg 595w, https:\/\/www.rohkostinsel.de\/wp-content\/uploads\/2023\/07\/IMG_8873-Copy-768x576.jpg 768w, https:\/\/www.rohkostinsel.de\/wp-content\/uploads\/2023\/07\/IMG_8873-Copy-1536x1152.jpg 1536w, https:\/\/www.rohkostinsel.de\/wp-content\/uploads\/2023\/07\/IMG_8873-Copy-2048x1536.jpg 2048w\" sizes=\"(max-width: 767px) 89vw, (max-width: 1000px) 54vw, (max-width: 1071px) 543px, 580px\" \/><\/a><figcaption class=\"wp-element-caption\">einige Grasb\u00fcschel wachsen wieder an<\/figcaption><\/figure>\n\n\n\n<figure class=\"wp-block-image size-large\"><a href=\"https:\/\/www.rohkostinsel.de\/wp-content\/uploads\/2023\/07\/IMG_8877-Copy-scaled.jpg\"><img decoding=\"async\" loading=\"lazy\" width=\"960\" height=\"720\" data-id=\"3713\"  src=\"https:\/\/www.rohkostinsel.de\/wp-content\/uploads\/2023\/07\/IMG_8877-Copy-960x720.jpg\" alt=\"\" class=\"wp-image-3713\" srcset=\"https:\/\/www.rohkostinsel.de\/wp-content\/uploads\/2023\/07\/IMG_8877-Copy-960x720.jpg 960w, https:\/\/www.rohkostinsel.de\/wp-content\/uploads\/2023\/07\/IMG_8877-Copy-595x446.jpg 595w, https:\/\/www.rohkostinsel.de\/wp-content\/uploads\/2023\/07\/IMG_8877-Copy-768x576.jpg 768w, https:\/\/www.rohkostinsel.de\/wp-content\/uploads\/2023\/07\/IMG_8877-Copy-1536x1152.jpg 1536w, https:\/\/www.rohkostinsel.de\/wp-content\/uploads\/2023\/07\/IMG_8877-Copy-2048x1536.jpg 2048w\" sizes=\"(max-width: 767px) 89vw, (max-width: 1000px) 54vw, (max-width: 1071px) 543px, 580px\" \/><\/a><figcaption class=\"wp-element-caption\">fertiges Teilst\u00fcck<\/figcaption><\/figure>\n\n\n\n<figure class=\"wp-block-image size-large\"><a href=\"https:\/\/www.rohkostinsel.de\/wp-content\/uploads\/2023\/07\/IMG_8913-Copy-scaled.jpg\"><img decoding=\"async\" loading=\"lazy\" width=\"960\" height=\"1280\" data-id=\"3718\"  src=\"https:\/\/www.rohkostinsel.de\/wp-content\/uploads\/2023\/07\/IMG_8913-Copy-960x1280.jpg\" alt=\"\" class=\"wp-image-3718\" srcset=\"https:\/\/www.rohkostinsel.de\/wp-content\/uploads\/2023\/07\/IMG_8913-Copy-960x1280.jpg 960w, https:\/\/www.rohkostinsel.de\/wp-content\/uploads\/2023\/07\/IMG_8913-Copy-595x793.jpg 595w, https:\/\/www.rohkostinsel.de\/wp-content\/uploads\/2023\/07\/IMG_8913-Copy-480x640.jpg 480w, https:\/\/www.rohkostinsel.de\/wp-content\/uploads\/2023\/07\/IMG_8913-Copy-768x1024.jpg 768w, https:\/\/www.rohkostinsel.de\/wp-content\/uploads\/2023\/07\/IMG_8913-Copy-1152x1536.jpg 1152w, https:\/\/www.rohkostinsel.de\/wp-content\/uploads\/2023\/07\/IMG_8913-Copy-1536x2048.jpg 1536w, https:\/\/www.rohkostinsel.de\/wp-content\/uploads\/2023\/07\/IMG_8913-Copy-scaled.jpg 1920w\" sizes=\"(max-width: 767px) 89vw, (max-width: 1000px) 54vw, (max-width: 1071px) 543px, 580px\" \/><\/a><figcaption class=\"wp-element-caption\">Unser Grasschneider<\/figcaption><\/figure>\n\n\n\n<figure class=\"wp-block-image size-large\"><a href=\"https:\/\/www.rohkostinsel.de\/wp-content\/uploads\/2023\/07\/IMG_8881-Copy-scaled.jpg\"><img decoding=\"async\" loading=\"lazy\" width=\"960\" height=\"720\" data-id=\"3720\"  src=\"https:\/\/www.rohkostinsel.de\/wp-content\/uploads\/2023\/07\/IMG_8881-Copy-960x720.jpg\" alt=\"\" class=\"wp-image-3720\" srcset=\"https:\/\/www.rohkostinsel.de\/wp-content\/uploads\/2023\/07\/IMG_8881-Copy-960x720.jpg 960w, https:\/\/www.rohkostinsel.de\/wp-content\/uploads\/2023\/07\/IMG_8881-Copy-595x446.jpg 595w, https:\/\/www.rohkostinsel.de\/wp-content\/uploads\/2023\/07\/IMG_8881-Copy-768x576.jpg 768w, https:\/\/www.rohkostinsel.de\/wp-content\/uploads\/2023\/07\/IMG_8881-Copy-1536x1152.jpg 1536w, https:\/\/www.rohkostinsel.de\/wp-content\/uploads\/2023\/07\/IMG_8881-Copy-2048x1536.jpg 2048w\" sizes=\"(max-width: 767px) 89vw, (max-width: 1000px) 54vw, (max-width: 1071px) 543px, 580px\" \/><\/a><figcaption class=\"wp-element-caption\">ArbeiterInnen mit Hacken<\/figcaption><\/figure>\n\n\n\n<figure class=\"wp-block-image size-large\"><a href=\"https:\/\/www.rohkostinsel.de\/wp-content\/uploads\/2023\/07\/IMG_8928-scaled.jpg\"><img decoding=\"async\" loading=\"lazy\" width=\"960\" height=\"1280\" data-id=\"3709\"  src=\"https:\/\/www.rohkostinsel.de\/wp-content\/uploads\/2023\/07\/IMG_8928-960x1280.jpg\" alt=\"\" class=\"wp-image-3709\" srcset=\"https:\/\/www.rohkostinsel.de\/wp-content\/uploads\/2023\/07\/IMG_8928-960x1280.jpg 960w, https:\/\/www.rohkostinsel.de\/wp-content\/uploads\/2023\/07\/IMG_8928-595x793.jpg 595w, https:\/\/www.rohkostinsel.de\/wp-content\/uploads\/2023\/07\/IMG_8928-480x640.jpg 480w, https:\/\/www.rohkostinsel.de\/wp-content\/uploads\/2023\/07\/IMG_8928-768x1024.jpg 768w, https:\/\/www.rohkostinsel.de\/wp-content\/uploads\/2023\/07\/IMG_8928-1152x1536.jpg 1152w, https:\/\/www.rohkostinsel.de\/wp-content\/uploads\/2023\/07\/IMG_8928-1536x2048.jpg 1536w, https:\/\/www.rohkostinsel.de\/wp-content\/uploads\/2023\/07\/IMG_8928-scaled.jpg 1920w\" sizes=\"(max-width: 767px) 89vw, (max-width: 1000px) 54vw, (max-width: 1071px) 543px, 580px\" \/><\/a><figcaption class=\"wp-element-caption\">Ausgegrabener Guinea Gras B\u00fcschel<\/figcaption><\/figure>\n\n\n\n<figure class=\"wp-block-image size-large\"><a href=\"https:\/\/www.rohkostinsel.de\/wp-content\/uploads\/2023\/07\/IMG_8912-Copy-scaled.jpg\"><img decoding=\"async\" loading=\"lazy\" width=\"960\" height=\"720\" data-id=\"3712\"  src=\"https:\/\/www.rohkostinsel.de\/wp-content\/uploads\/2023\/07\/IMG_8912-Copy-960x720.jpg\" alt=\"\" class=\"wp-image-3712\" srcset=\"https:\/\/www.rohkostinsel.de\/wp-content\/uploads\/2023\/07\/IMG_8912-Copy-960x720.jpg 960w, https:\/\/www.rohkostinsel.de\/wp-content\/uploads\/2023\/07\/IMG_8912-Copy-595x446.jpg 595w, https:\/\/www.rohkostinsel.de\/wp-content\/uploads\/2023\/07\/IMG_8912-Copy-768x576.jpg 768w, https:\/\/www.rohkostinsel.de\/wp-content\/uploads\/2023\/07\/IMG_8912-Copy-1536x1152.jpg 1536w, https:\/\/www.rohkostinsel.de\/wp-content\/uploads\/2023\/07\/IMG_8912-Copy-2048x1536.jpg 2048w\" sizes=\"(max-width: 767px) 89vw, (max-width: 1000px) 54vw, (max-width: 1071px) 543px, 580px\" \/><\/a><figcaption class=\"wp-element-caption\">St\u00fcck f\u00fcr St\u00fcck wird das Grundst\u00fcck &#8222;freigelegt&#8220;<\/figcaption><\/figure>\n\n\n\n<figure class=\"wp-block-image size-large\"><a href=\"https:\/\/www.rohkostinsel.de\/wp-content\/uploads\/2023\/07\/IMG_8884-Copy-scaled.jpg\"><img decoding=\"async\" loading=\"lazy\" width=\"960\" height=\"720\" data-id=\"3721\"  src=\"https:\/\/www.rohkostinsel.de\/wp-content\/uploads\/2023\/07\/IMG_8884-Copy-960x720.jpg\" alt=\"\" class=\"wp-image-3721\" srcset=\"https:\/\/www.rohkostinsel.de\/wp-content\/uploads\/2023\/07\/IMG_8884-Copy-960x720.jpg 960w, https:\/\/www.rohkostinsel.de\/wp-content\/uploads\/2023\/07\/IMG_8884-Copy-595x446.jpg 595w, https:\/\/www.rohkostinsel.de\/wp-content\/uploads\/2023\/07\/IMG_8884-Copy-768x576.jpg 768w, https:\/\/www.rohkostinsel.de\/wp-content\/uploads\/2023\/07\/IMG_8884-Copy-1536x1152.jpg 1536w, https:\/\/www.rohkostinsel.de\/wp-content\/uploads\/2023\/07\/IMG_8884-Copy-2048x1536.jpg 2048w\" sizes=\"(max-width: 767px) 89vw, (max-width: 1000px) 54vw, (max-width: 1071px) 543px, 580px\" \/><\/a><figcaption class=\"wp-element-caption\">Fortschritt<\/figcaption><\/figure>\n\n\n\n<figure class=\"wp-block-image size-large\"><a href=\"https:\/\/www.rohkostinsel.de\/wp-content\/uploads\/2023\/07\/IMG_8917-scaled.jpg\"><img decoding=\"async\" loading=\"lazy\" width=\"960\" height=\"720\" data-id=\"3716\"  src=\"https:\/\/www.rohkostinsel.de\/wp-content\/uploads\/2023\/07\/IMG_8917-960x720.jpg\" alt=\"\" class=\"wp-image-3716\" srcset=\"https:\/\/www.rohkostinsel.de\/wp-content\/uploads\/2023\/07\/IMG_8917-960x720.jpg 960w, https:\/\/www.rohkostinsel.de\/wp-content\/uploads\/2023\/07\/IMG_8917-595x446.jpg 595w, https:\/\/www.rohkostinsel.de\/wp-content\/uploads\/2023\/07\/IMG_8917-768x576.jpg 768w, https:\/\/www.rohkostinsel.de\/wp-content\/uploads\/2023\/07\/IMG_8917-1536x1152.jpg 1536w, https:\/\/www.rohkostinsel.de\/wp-content\/uploads\/2023\/07\/IMG_8917-2048x1536.jpg 2048w\" sizes=\"(max-width: 767px) 89vw, (max-width: 1000px) 54vw, (max-width: 1071px) 543px, 580px\" \/><\/a><figcaption class=\"wp-element-caption\">Blick auf die getane Arbeit<\/figcaption><\/figure>\n\n\n\n<figure class=\"wp-block-image size-large\"><a href=\"https:\/\/www.rohkostinsel.de\/wp-content\/uploads\/2023\/07\/IMG_8924-scaled.jpg\"><img decoding=\"async\" loading=\"lazy\" width=\"960\" height=\"720\" data-id=\"3717\"  src=\"https:\/\/www.rohkostinsel.de\/wp-content\/uploads\/2023\/07\/IMG_8924-960x720.jpg\" alt=\"\" class=\"wp-image-3717\" srcset=\"https:\/\/www.rohkostinsel.de\/wp-content\/uploads\/2023\/07\/IMG_8924-960x720.jpg 960w, https:\/\/www.rohkostinsel.de\/wp-content\/uploads\/2023\/07\/IMG_8924-595x446.jpg 595w, https:\/\/www.rohkostinsel.de\/wp-content\/uploads\/2023\/07\/IMG_8924-768x576.jpg 768w, https:\/\/www.rohkostinsel.de\/wp-content\/uploads\/2023\/07\/IMG_8924-1536x1152.jpg 1536w, https:\/\/www.rohkostinsel.de\/wp-content\/uploads\/2023\/07\/IMG_8924-2048x1536.jpg 2048w\" sizes=\"(max-width: 767px) 89vw, (max-width: 1000px) 54vw, (max-width: 1071px) 543px, 580px\" \/><\/a><figcaption class=\"wp-element-caption\">Das Guinea Gras kann bis zu 2m hoch werden und erstickt alle anderen Pflanzen<\/figcaption><\/figure>\n\n\n\n<figure class=\"wp-block-image size-large\"><a href=\"https:\/\/www.rohkostinsel.de\/wp-content\/uploads\/2023\/07\/7Juli-Stand.png\"><img decoding=\"async\" loading=\"lazy\" width=\"693\" height=\"769\" data-id=\"3728\"  src=\"https:\/\/www.rohkostinsel.de\/wp-content\/uploads\/2023\/07\/7Juli-Stand.png\" alt=\"\" class=\"wp-image-3728\" srcset=\"https:\/\/www.rohkostinsel.de\/wp-content\/uploads\/2023\/07\/7Juli-Stand.png 693w, https:\/\/www.rohkostinsel.de\/wp-content\/uploads\/2023\/07\/7Juli-Stand-595x660.png 595w\" sizes=\"(max-width: 693px) 100vw, 693px\" \/><\/a><figcaption class=\"wp-element-caption\">Stand 7. Juli 2023 &#8211; Fl\u00e4chen wo das Gras entfernt wurde (ca. 25% fertig)<\/figcaption><\/figure>\n<\/figure>\n","protected":false},"excerpt":{"rendered":"<p>Aufbau der Infrastruktur 1) Grundst\u00fcckskaufNach dem Kauf des gr\u00f6\u00dften Teilgrundst\u00fccks werden noch nach und nach kleinere Grundst\u00fccke zugekauft. Insgesamt wird das Grundst\u00fcck am Ende eine Gr\u00f6\u00dfe von rund 5 Hektar haben. davon werden 2 Hektar als Naturschutzgebiet behandelt und auf etwa 3 Hektar entsteht der Fruchtwaldgarten. 2) Errichtung der Grenzz\u00e4une\/Schutzz\u00e4uneGepflanzt wird ein lebender Zaun aus &hellip; <\/p>\n<p class=\"link-more\"><a href=\"https:\/\/www.rohkostinsel.de\/?page_id=3687\" class=\"more-link\"><span class=\"screen-reader-text\">\u201ePhase 1\u201c<\/span> weiterlesen<\/a><\/p>\n","protected":false},"author":1,"featured_media":0,"parent":0,"menu_order":0,"comment_status":"closed","ping_status":"closed","template":"","meta":[],"_links":{"self":[{"href":"https:\/\/www.rohkostinsel.de\/index.php?rest_route=\/wp\/v2\/pages\/3687"}],"collection":[{"href":"https:\/\/www.rohkostinsel.de\/index.php?rest_route=\/wp\/v2\/pages"}],"about":[{"href":"https:\/\/www.rohkostinsel.de\/index.php?rest_route=\/wp\/v2\/types\/page"}],"author":[{"embeddable":true,"href":"https:\/\/www.rohkostinsel.de\/index.php?rest_route=\/wp\/v2\/users\/1"}],"replies":[{"embeddable":true,"href":"https:\/\/www.rohkostinsel.de\/index.php?rest_route=%2Fwp%2Fv2%2Fcomments&post=3687"}],"version-history":[{"count":13,"href":"https:\/\/www.rohkostinsel.de\/index.php?rest_route=\/wp\/v2\/pages\/3687\/revisions"}],"predecessor-version":[{"id":3731,"href":"https:\/\/www.rohkostinsel.de\/index.php?rest_route=\/wp\/v2\/pages\/3687\/revisions\/3731"}],"wp:attachment":[{"href":"https:\/\/www.rohkostinsel.de\/index.php?rest_route=%2Fwp%2Fv2%2Fmedia&parent=3687"}],"curies":[{"name":"wp","href":"https:\/\/api.w.org\/{rel}","templated":true}]}}